 f(t) = t**3 - 157*t**2 + 3815*t - 627777. Give f(158).
-43
Let j(h) = 15*h**2 + 372*h + 2129. Give j(-7).
260
Let b(l) = -44*l**2 - 194*l + 609. Determine b(8).
-3759
Let c(m) = m**3 - 31*m**2 + 241*m - 217. Calculate c(19).
30
Let i(h) = h**3 - 242*h**2 + 22*h - 5361. Calculate i(242).
-37
Let o(r) = 261*r**2 + 38346*r - 3101. What is o(-147)?
-14
Let d(n) = 3*n**3 + 57*n + 55. Give d(-1).
-5
Let k(z) = 3*z**3 - 417*z**2 - 460*z + 5293. Determine k(140).
-307
Let j(s) = -2*s**3 + 62*s**2 - 123*s - 185. What is j(3)?
-50
Let k(t) = 7*t**2 - 23*t - 23008. Calculate k(59).
2
Let m(a) = -167*a - 6613. Calculate m(-39).
-100
Let t(r) = 2*r**2 + 5792*r + 1172459. Determine t(-219).
-67
Let w(u) = -8*u**2 - 4109*u - 50606. Determine w(-501).
-5
Let i(p) = 19*p**2 + 447*p + 989. Give i(-21).
-19
Let w(y) = 63*y**3 - 4*y + 1. Determine w(1).
60
Let j(c) = -33117*c - 1490242. Calculate j(-45).
23
Let i(q) = -7106*q + 14179. Determine i(2).
-33
Let m(k) = 2148*k + 126739. Determine m(-59).
7
Let x(t) = -5303*t - 286376. Give x(-54).
-14
Let o(l) = 3*l**2 + 1736*l + 60132. Determine o(-37).
7
Let u(w) = 16*w**2 - 2093*w + 20831. Determine u(10).
1501
Let o(p) = -20*p**3 - 12941*p**2 - 624*p + 14880. Determine o(-647).
-1
Let x(w) = 168616*w + 4721246. Determine x(-28).
-2
Let p(h) = h**3 - 213*h**2 + 11307*h + 2330. Calculate p(103).
-39
Let u(w) = -1701*w**2 + 6000*w - 2687. Determine u(3).
4
Let o(t) = -6*t**3 + 14*t**2 - 3698*t - 11254. Calculate o(-3).
128
Let c(f) = -313*f + 104167. Determine c(335).
-688
Let l(p) = -6*p**2 + 732*p + 780. What is l(123)?
42
Let t(l) = -7864*l - 157271. Determine t(-20).
9
Let w(a) = -3*a**3 + 449*a**2 - 298*a - 622. Give w(149).
-622
Let b(j) = 255*j**2 + 1503*j + 3002. What is b(-2)?
1016
Let x(q) = 4*q**3 + 3899*q**2 + 10685*q - 6779. Give x(-972).
25
Let l(b) = -2*b**3 - 2*b**2 + 105*b - 2055. Calculate l(0).
-2055
Let h(z) = z**3 - 40*z**2 + 160*z - 151. Give h(3).
-4
Let u(l) = 43207*l + 2117156. Give u(-49).
13
Let l(v) = v**3 - v**2 + 30*v - 160. Determine l(0).
-160
Let d(o) = -2*o**2 - 282*o + 3176. Calculate d(11).
-168
Let n(k) = -3942*k + 595279. Calculate n(151).
37
Let c(z) = -19*z**2 - 1292*z + 8421. Calculate c(6).
-15
Let a(c) = -4*c**2 + 714*c - 28307. Determine a(57).
-605
Let t(m) = 670*m - 7919. Determine t(12).
121
Let t(z) = 102021*z + 20. Determine t(0).
20
Let j(b) = 11*b**2 + 52734*b - 105471. What is j(2)?
41
Let n(o) = -2*o**3 + 263*o**2 - 127*o - 1212. What is n(131)?
-688
Let r(v) = 2*v**3 + 28*v**2 - 217*v + 6302. Give r(-24).
-10
Let q(r) = 92*r**3 + 174*r**2 - 780*r - 1548. Determine q(-2).
-28
Let t(r) = 6*r**2 + 565*r + 7124. Give t(-12).
1208
Let f(a) = -35*a**3 + 46*a**2 + 53*a + 14. Give f(-1).
42
Let i(b) = -24*b**3 - 10*b**2 - 44*b - 4. What is i(-3)?
686
Let x(g) = 2061*g - 548219. Calculate x(266).
7
Let n(o) = -2*o**2 + 8*o + 1091. Give n(25).
41
Let k(s) = s**2 + 98*s + 2697. Give k(-68).
657
Let v(a) = 2*a**2 + 17054*a - 153494. What is v(9)?
154
Let j(i) = -i**2 + 115*i + 85173. What is j(355)?
-27
Let w(s) = 164*s**2 + 3389*s + 14418. Calculate w(-6).
-12
Let h(a) = -3*a**3 + 51*a**2 + 107*a + 96. Give h(19).
-37
Let k(n) = -40*n**2 - 205*n - 1256. Give k(-6).
-1466
Let w(g) = g**3 + 202*g**2 + 9627*g + 12972. Determine w(-127).
18
Let n(f) = -f**3 - 623*f**2 - 7851*f + 48207. Calculate n(-610).
17
Let h(i) = 6*i**3 + 64*i**2 + 341*i + 366. What is h(-4)?
-358
Let p(s) = 13*s**3 + 33*s**2 - 170*s + 66. Calculate p(5).
1666
Let j(b) = -25480*b - 280282. Determine j(-11).
-2
Let i(b) = 4185*b + 4628610. Calculate i(-1106).
0
Let x(j) = -16848*j + 775009. Calculate x(46).
1
Let m(j) = 595*j + 496246. Determine m(-834).
16
Let f(l) = -l**3 + 162*l**2 - 44*l + 7193. Give f(162).
65
Let x(q) = -3435*q - 192345. Determine x(-56).
15
Let k(w) = w**3 + 33*w**2 - 587*w - 5. Give k(-46).
-511
Let m(x) = 12247*x + 1261348. What is m(-103)?
-93
Let x(r) = 140*r - 3180. Determine x(30).
1020
Let z(w) = -1696*w - 6170. Determine z(-6).
4006
Let y(o) = 230281*o + 3454259. Give y(-15).
44
Let a(b) = -2*b**2 - 325*b + 4248. Give a(-175).
-127
Let n(q) = -q**2 - 30305*q + 242509. Give n(8).
5
Let z(f) = -1331*f - 638887. Determine z(-480).
-7
Let v(j) = 132511*j + 5697968. Determine v(-43).
-5
Let n(w) = w**3 - w**2 - 76*w - 576. Calculate n(12).
96
Let h(z) = 4*z**3 - 41*z**2 + 85*z - 635. Give h(7).
-677
Let h(j) = 2*j**3 - 8*j**2 - 37*j + 144. Determine h(3).
15
Let n(x) = 34791*x - 173944. Give n(5).
11
Let q(u) = 650*u - 1842. Give q(3).
108
Let b(r) = 35061*r - 10518311. Calculate b(300).
-11
Let c(o) = -3108*o - 2054. What is c(-1)?
1054
Let y(s) = 275772*s + 1930402. Calculate y(-7).
-2
Let s(d) = 12*d**2 + 2731*d + 25081. Give s(-218).
11
Let d(y) = -8747*y - 376110. Give d(-43).
11
Let g(a) = -6061*a + 4339680. What is g(716)?
4
Let q(s) = -s**3 + 24*s**2 - 36*s - 1259. Calculate q(12).
37
Let m(k) = 221*k - 6313. Calculate m(27).
-346
Let f(o) = o**2 + 1155*o - 110713. Give f(89).
3
Let j(m) = 188*m - 42091. Give j(224).
21
Let m(l) = 169*l**2 - 3362*l + 16530. Give m(11).
-3
Let g(r) = -21*r + 387. Calculate g(39).
-432
Let l(g) = 17*g**2 - 1987*g - 3982. What is l(119)?
302
Let l(b) = 2*b**3 + 426*b**2 + 10*b + 1834. Give l(-213).
-296
Let h(b) = -14553*b - 232866. Give h(-16).
-18
Let z(k) = -627*k**2 + 188*k + 38626. Calculate z(8).
2
Let b(q) = -q**2 - 339*q - 7890. What is b(-25)?
-40
Let p(z) = -z**3 - 26*z**2 - 108*z - 355. What is p(-22)?
85
Let z(g) = -7*g**2 - 32*g + 22. Determine z(-3).
55
Let o(h) = -2133*h + 1649. Determine o(1).
-484
Let b(n) = -4*n**3 + 152*n**2 - 31*n + 919. What is b(38)?
-259
Let a(q) = -3620*q - 162925. Determine a(-45).
-25
Let q(y) = -1813*y + 7592. Calculate q(4).
340
Let t(n) = 2*n**2 + 1150*n - 106216. Calculate t(81).
56
Let l(z) = 2*z**2 + 423*z - 62709. What is l(-312)?
3
Let w(m) = 145*m**2 - 525*m. Calculate w(0).
0
Let n(j) = 462*j + 55781. Calculate n(-116).
2189
Let n(t) = 4*t**2 - 579*t + 15922. What is n(37)?
-25
Let k(d) = -3060*d - 15229. What is k(-5)?
71
Let a(l) = -l**2 - 1060*l - 18288. Give a(-18).
468
Let p(w) = w**3 + 17*w**2 + 67*w + 20. Give p(-7).
41
Let a(y) = -352492*y - 352502. Give a(-1).
-10
Let f(g) = -31*g**3 - 2508*g**2 + 249*g + 508. What is f(-81)?
22
Let d(l) = -873*l + 233654. Give d(267).
563
Let g(h) = -h**3 - 46*h**2 - 117*h - 5391. Calculate g(-46).
-9
Let q(w) = -w**3 - 130*w**2 - 3331*w - 521. Give q(-95).
49
Let s(n) = 14492*n + 43475. Give s(-3).
-1
Let s(a) = -a**3 - 309*a**2 - 1240*a - 74. What is s(-4)?
6
Let r(u) = -5431*u + 917822. Give r(169).
-17
Let s(t) = 1646*t - 1343181. What is s(816)?
-45
Let h(q) = -184*q + 5236. What is h(29)?
-100
Let s(y) = -8725*y - 111371. Determine s(-13).
2054
Let n(f) = -4658*f - 1318172. Give n(-283).
42
Let l(j) = -15*j**3 - 404*j**2 + 602*j + 15561. What is l(-27)?
36
Let i(k) = -k**3 + 80*k**2 + 746*k + 366. What is i(-8)?
30
Let d(v) = 3*v**3 - 136*v**2 - 86*v - 281. Give d(46).
-5
Let t(f) = -f**2 - 2121*f + 362500. Determine t(159).
-20
Let r(s) = -3537*s + 14217. Calculate r(4).
69
Let y(t) = 15*t**3 + 4*t**2 + t - 14. Determine y(-2).
-120
Let v(s) = 3*s**2 - 1302*s - 118057. Calculate v(-77).
-16
Let s(x) = x**3 + 10*x**2 + 1842*x + 12820. Determine s(-7).
73
Let k(f) = -5970*f - 78278. Give k(-13).
-668
Let m(t) = -5737*t + 45904. Give m(8).
8
Let y(l) = 16*l**3 + 32*l**2 - 64*l + 8. Give y(2).
136
Let j(k) = -7*k**2 + 1068*k + 3417. What is j(156)?
-327
Let x(w) = w**3 + 52*w**2 - 2124*w - 98620. Calculate x(-60).
20
Let w(n) = 4*n**3 + 8*n**2 - 16*n + 25. What is w(2)?
57
Let p(n) = -2027*n**2 - 30390*n + 205. Calculate p(-15).
-20
Let d(v) = 20142*v + 3988115. Give d(-198).
-1
Let g(t) = -2*t**2 + 2855*t - 573769. What is g(242)?
13
Let s(j) = -3*j**2 - 192*j + 46854. Determine s(97).
3
Let y(g) = g**3 - 18*g**2 - 35*g - 148. What is y(0)?
-148
Let k(z) = -55072*z + 1927629. What is k(35)?
109
Let g(v) = -3*v**2 - 4264*v - 189795. Give g(-46).
1
Let g(j) = 271*j - 5665. What is g(24)?
839
Let k(j) = j**2 + 461*j + 49755. Calculate k(-173).
-69
Let b(p) = p**3 - 30*p**2 - 353*p - 68. Give b(39).
-146
Let v(k) = -2*k**3 - 62*k**2 + 783*k + 21477. Calculate v(-33).
-6
Let z(u) = 92*u + 864. Give z(-9).
36
Let y(q) = -2*q**3 + 39*q**2 - 48*q